{"id":2622,"date":"2024-12-25T10:20:37","date_gmt":"2024-12-25T10:20:37","guid":{"rendered":"https:\/\/tsv-reiffenhausen.de\/neu\/?page_id=2622"},"modified":"2025-12-29T15:50:32","modified_gmt":"2025-12-29T14:50:32","slug":"anmeldung-triathlon-einzel","status":"publish","type":"page","link":"https:\/\/tsv-reiffenhausen.de\/neu\/anmeldung\/anmeldung-triathlon-einzel\/","title":{"rendered":"Einzel-Anmeldung"},"content":{"rendered":"\n\n\n<script>function chkFormular() {\r\n\r\n  if ( document.LaFormular.firstName.value == \"\" ) {\r\n    alert( \"Bitte geben Sie Ihren Vornamen ein!\" );\r\n    document.LaFormular.firstName.focus();\r\n    return false;\r\n  }\r\n  if ( document.LaFormular.lastName.value == \"\" ) {\r\n    alert( \"Bitte geben Sie Ihren Nachnamen ein!\" );\r\n    document.LaFormular.lastName.focus();\r\n    return false;\r\n  }\r\n  if ( document.LaFormular.yearOfBirth.value == \"\" ) {\r\n\talert( \"Bitte geben Sie Ihren Jahrgang ein\" );\r\n\tdocument.LaFormular.yearOfBirth.focus();\r\n  return false;\r\n}\r\n\r\n  if ( document.LaFormular.yearOfBirth.value.charAt(0) < \"0\" ||\r\n       document.LaFormular.yearOfBirth.value.charAt(0) > \"9\" ||\r\n       document.LaFormular.yearOfBirth.value.charAt(1) < \"0\" ||\r\n       document.LaFormular.yearOfBirth.value.charAt(1) > \"9\" ) {\r\n    alert( \"Jahrgang ist keine Zahl!\" );\r\n    document.LaFormular.yearOfBirth.focus();\r\n    return false;\r\n  }\r\n\/\/ Checkbox Geschlecht \u00fcberpr\u00fcfen\r\n  if(document.getElementById('male').checked == false)\r\n  if(document.getElementById('female').checked == false){\r\n  \talert( \"Bitte geben Sie Ihr Geschlecht an!\" );\r\n\tdocument.getElementById('female').focus();\r\n  return false;\r\n}\r\n\/\/ Checkbox Wettkampf \u00fcberpr\u00fcfen\r\n  if(document.getElementById('s').checked == false)\r\n  if(document.getElementById('j').checked == false)\r\n  if(document.getElementById('v').checked == false) {  \r\n \/\/ if(document.getElementById('v').checked == false) { \/\/ wenn Einzel voll \"\/\/\" auskommentieren !\r\n\talert( \"Bitte w\u00e4hlen Sie Ihren Wettkampf aus!\" );\r\n\tdocument.getElementById('s').focus();\r\n  return false;\r\n}\r\n\/\/ eMail Adresse \u00fcberpr\u00fcfen\r\n  if ( document.LaFormular.email.value == \"\" ) {\r\n\talert( \"Bitte geben Sie Ihre eMail-Adresse ein.\\n\\nDiese wird f\u00fcr evtl. anfallende R\u00fcckfragen ben\u00f6tigt.\\nSie wird nicht an Dritte weitergegeben. \" );\r\n\tdocument.LaFormular.email.focus();\r\n  return false;\r\n}\r\n  return true;\r\n}<\/script>\n\n\n\n<h3 class=\"wp-block-heading\">Einzel-Anmeldung Schleierbach-Volkstriathlon 2026<\/h3>\n\n\n\n<html>\n<body bgcolor=\"#FFFFCC\">\n\n  <TABLE>\n  <TR>\n  <TD BGCOLOR=\"#FFFFCC\">\n  <table width=\"600\" border=\"0\" cellpadding=\"8\" cellspacing=\"2\">\n    <tr><td align=\"center\"><font face=\"VERDANA,ARIAL,HELVETICA\" size=\"4\" color=\"#0000FF\"><b>23. Schleierbach Volkstriathlon<\/b><\/font><\/td><\/tr>\n    <tr><td align=\"center\"><font face=\"VERDANA,ARIAL,HELVETICA\" size=\"2\" color=\"#0000FF\">am 20.06.2026 in Reiffenhausen<\/font><\/td><\/tr>\n  <\/table>\n\n<form name=\"LaFormular\" action=\"\" method=\"post\" id=\"form\" onSubmit=\"return chkFormular()\">\n\n    <table width=\"75%\" border=\"0\" cellpadding=\"8\" cellspacing=\"0\">\n\t\t<P><\/P>\n      <tr><td align=\"center\" bgcolor=\"#FFFFCC\" colspan=\"2\"><font color=\"#333333\" face=\"VERDANA,HELVETICA,ARIAL\" size=\"3\"><b>Einzel Anmeldung<\/b><\/font><\/td><\/tr>\n      <tr><td>Vorname:<font size=\"-1\" color=\"#FF0000\"><sup>*<\/sup><\/font><\/td><td><input name=\"firstName\" size=\"30\" maxlength=\"30\"><\/td><\/tr>\n      <tr><td>Nachname:<font size=\"-1\" color=\"#FF0000\"><sup>*<\/sup><\/font><\/td><td><input name=\"lastName\" size=\"30\" maxlength=\"30\"><\/td><\/tr>\n      <tr><td>Geschlecht:<font size=\"-1\" color=\"#FF0000\"><sup>*<\/sup><\/font><\/td><td>\n\t<input name=\"sex\" type=\"radio\" id=\"male\" value=\"male\" unchecked> m\u00e4nnlich<BR>\n\t<input name=\"sex\" type=\"radio\" id=\"female\" value=\"female\" unchecked> weiblich\n\t<\/td><\/tr>\n      <tr><td>Jahrgang:<font size=\"-1\" color=\"#FF0000\"><sup>*<\/sup><\/font><\/td>\n\t<td><select name=\"yearOfBirth\">\n\t\t<option value=\"\"><\/option>\n            <option value=\"18\">2018<\/option>\n\t    <option value=\"17\">2017<\/option>\n\t\t<option value=\"16\">2016<\/option>\n\t\t<option value=\"15\">2015<\/option>\t\n\t\t<option value=\"14\">2014<\/option>\t\n\t\t<option value=\"13\">2013<\/option>\t\t\n\t\t<option value=\"12\">2012<\/option>\t\t\n\t\t<option value=\"11\">2011<\/option>    \n\t\t<option value=\"10\">2010<\/option>\n\t\t<option value=\"09\">2009<\/option>\n\t\t<option value=\"08\">2008<\/option>\n\t\t<option value=\"07\">2007<\/option>\n\t\t<option value=\"06\">2006<\/option>\n\t\t<option value=\"05\">2005<\/option>\n\t\t<option value=\"04\">2004<\/option>\n\t\t<option value=\"03\">2003<\/option>\n\t\t<option value=\"02\">2002<\/option>\n\t\t<option value=\"01\">2001<\/option>\n\t\t<option value=\"00\">2000<\/option>\n\t\t<option value=\"99\">1999<\/option>\n\t\t<option value=\"98\">1998<\/option>\n\t\t<option value=\"97\">1997<\/option>\n\t\t<option value=\"96\">1996<\/option>\n\t\t<option value=\"95\">1995<\/option>\n\t\t<option value=\"94\">1994<\/option>\n\t\t<option value=\"93\">1993<\/option>\n\t\t<option value=\"92\">1992<\/option>\n\t\t<option value=\"91\">1991<\/option>\n\t\t<option value=\"90\">1990<\/option>\n\t\t<option value=\"89\">1989<\/option>\n\t\t<option value=\"88\">1988<\/option>\n\t\t<option value=\"87\">1987<\/option>\n\t\t<option value=\"86\">1986<\/option>\n\t\t<option value=\"85\">1985<\/option>\n\t\t<option value=\"84\">1984<\/option>\n\t\t<option value=\"83\">1983<\/option>\n\t\t<option value=\"82\">1982<\/option>\n\t\t<option value=\"81\">1981<\/option>\n\t\t<option value=\"80\">1980<\/option>\n\t\t<option value=\"79\">1979<\/option>\n\t\t<option value=\"78\">1978<\/option>\n\t\t<option value=\"77\">1977<\/option>\n\t\t<option value=\"76\">1976<\/option>\n\t\t<option value=\"75\">1975<\/option>\n\t\t<option value=\"74\">1974<\/option>\n\t\t<option value=\"73\">1973<\/option>\n\t\t<option value=\"72\">1972<\/option>\n\t\t<option value=\"71\">1971<\/option>\n\t\t<option value=\"70\">1970<\/option>\n\t\t<option value=\"69\">1969<\/option>\n\t\t<option value=\"68\">1968<\/option>\n\t\t<option value=\"67\">1967<\/option>\n\t\t<option value=\"66\">1966<\/option>\n\t\t<option value=\"65\">1965<\/option>\n\t\t<option value=\"64\">1964<\/option>\n\t\t<option value=\"63\">1963<\/option>\n\t\t<option value=\"62\">1962<\/option>\n\t\t<option value=\"61\">1961<\/option>\n\t\t<option value=\"60\">1960<\/option>\n\t\t<option value=\"59\">1959<\/option>\n\t\t<option value=\"58\">1958<\/option>\n\t\t<option value=\"57\">1957<\/option>\n\t\t<option value=\"56\">1956<\/option>\n\t\t<option value=\"55\">1955<\/option>\n\t\t<option value=\"54\">1954<\/option>\n\t\t<option value=\"53\">1953<\/option>\n\t\t<option value=\"52\">1952<\/option>\n\t\t<option value=\"51\">1951<\/option>\n\t\t<option value=\"50\">1950<\/option>\n\t\t<option value=\"49\">1949<\/option>\n\t\t<option value=\"48\">1948<\/option>\n\t\t<option value=\"47\">1947<\/option>\n\t\t<option value=\"46\">1946<\/option>\n\t\t<option value=\"45\">1945<\/option>\n\t\t<option value=\"44\">1944<\/option>\n\t\t<option value=\"43\">1943<\/option>\n\t\t<option value=\"42\">1942<\/option>\n\t\t<option value=\"41\">1941<\/option>\n\t\t<option value=\"40\">1940<\/option>\n\t\t<option value=\"39\">1939<\/option>\n\t\t<option value=\"38\">1938<\/option>\n\t\t<option value=\"37\">1937<\/option>\n\t\t<option value=\"36\">1936<\/option>\n\t\t<option value=\"35\">1935<\/option>\n\t\t<option value=\"34\">1934<\/option>\n\t\t<option value=\"33\">1933<\/option>\n\t\t<option value=\"32\">1932<\/option>\n\t\t<option value=\"31\">1931<\/option>\n\t\t<option value=\"30\">1930<\/option>\n\t\t<option value=\"29\">1929<\/option>\n\t\t<option value=\"28\">1928<\/option>\n\t\t<option value=\"27\">1927<\/option>\n\t\t<option value=\"26\">1926<\/option>\n\t\t<option value=\"25\">1925<\/option>\n\t\t<option value=\"24\">1924<\/option>\n\t\t<option value=\"23\">1923<\/option>\n\t\t<option value=\"22\">1922<\/option>\n\t\t<option value=\"21\">1921<\/option>\n\t\t<option value=\"20\">1920<\/option>\n\t<\/td><\/tr>\n      <tr><td>Verein:<\/td><td><input name=\"team\" size=\"30\" maxlength=\"30\"><\/td><\/tr>\n\t<tr>\n        <td>Wettbewerb:<font size=\"-1\" color=\"#FF0000\"><sup>*<\/sup><\/font><\/td>\n        <td>\n\t<input name=\"contest\" type=\"radio\" id=\"s\" value=\"Sch\u00fcler Triathlon\" unchecked> Sch\u00fcler Triathlon<BR>\n\t<input name=\"contest\" type=\"radio\" id=\"j\" value=\"Jugend Triathlon\" unchecked> Jugend Triathlon<BR>\n    <input name=\"contest\" type=\"radio\" id=\"v\" value=\"Volkstriathlon\" unchecked> Volkstriathlon<\/td><!-- wenn Einzel voll dann auskommentieren ! -->\n\t<\/tr>\n      <tr><td>eMail-Adresse:<font size=\"-1\" color=\"#FF0000\"><sup>*<\/sup><\/font><\/td><td><input name=\"email\" size=\"30\"><\/td><\/tr>\n\n\n<tr>\n        <td>Datenschutz:<font size=\"-1\" color=\"#FF0000\"><\/font><\/td>\n        <td><input name=\"dsvgo\" type=\"checkbox\" id=\"dsvgo\" value=\"dsvgo\" unchecked>\n\tJa, ich habe von der <a title=\"Zur Datenschutzerkl\u00e4rung\" href=\"https:\/\/www.tsv-reiffenhausen.de\/neu\/privacy-policy\/\" target=\"_blank\" rel=\"noopener\">Datenschutzerkl\u00e4rung<\/a> Kenntnis erlangt und<br \/>bin damit einverstanden. <a title=\"Zur\nDatenschutzerkl\u00e4rung\" href=\"https:\/\/www.tsv-reiffenhausen.de\/neu\/privacy-policy\/\" target=\"_blank\" rel=\"noopener\">Zur Datenschutzerkl\u00e4rung<\/a><\/td>\n\t<\/tr>\n      <tr><td colspan=\"2\"><font size=\"-1\" color=\"#FF0000\"><sup>*<\/sup> Diese Felder m\u00fcssen ausgef\u00fcllt werden.<\/font><\/td><\/tr>\n      <tr><td align=\"center\" bgcolor=\"#FFFFCC\" colspan=\"2\"><BR><b>\n\t<input type=\"submit\" name=\"submit\" value=\"Anmelden\"><\/b><\/td><\/tr>\n\n    <\/table>\n  <\/form> \n  <\/TD>\n  <\/TR>\n  <\/TABLE>\n\n<\/BODY>\n\n<\/html>\n\n\n\n<p><\/p>\n","protected":false},"excerpt":{"rendered":"<p>Einzel-Anmeldung Schleierbach-Volkstriathlon 2026 23. Schleierbach Volkstriathlon am 20.06.2026 in Reiffenhausen Einzel Anmeldung Vorname:* Nachname:* Geschlecht:* m\u00e4nnlich weiblich Jahrgang:* 201820172016201520142013201220112010200920082007200620052004200320022001200019991998199719961995199419931992199119901989198819871986198519841983198219811980197919781977197619751974197319721971197019691968196719661965196419631962196119601959195819571956195519541953195219511950194919481947194619451944194319421941194019391938193719361935193419331932193119301929192819271926192519241923192219211920 Verein: Wettbewerb:* Sch\u00fcler Triathlon Jugend Triathlon Volkstriathlon eMail-Adresse:* Datenschutz: Ja, ich habe von der Datenschutzerkl\u00e4rung Kenntnis erlangt undbin damit einverstanden. Zur Datenschutzerkl\u00e4rung * Diese Felder m\u00fcssen ausgef\u00fcllt werden.<\/p>\n","protected":false},"author":2,"featured_media":0,"parent":2432,"menu_order":4,"comment_status":"closed","ping_status":"closed","template":"","meta":{"_uag_custom_page_level_css":"","site-sidebar-layout":"default","site-content-layout":"","ast-site-content-layout":"default","site-content-style":"default","site-sidebar-style":"default","ast-global-header-display":"","ast-banner-title-visibility":"","ast-main-header-display":"","ast-hfb-above-header-display":"","ast-hfb-below-header-display":"","ast-hfb-mobile-header-display":"","site-post-title":"disabled","ast-breadcrumbs-content":"","ast-featured-img":"","footer-sml-layout":"","theme-transparent-header-meta":"","adv-header-id-meta":"","stick-header-meta":"","header-above-stick-meta":"","header-main-stick-meta":"","header-below-stick-meta":"","astra-migrate-meta-layouts":"set","ast-page-background-enabled":"default","ast-page-background-meta":{"desktop":{"background-color":"var(--ast-global-color-4)","background-image":"","background-repeat":"repeat","background-position":"center center","background-size":"auto","background-attachment":"scroll","background-type":"","background-media":"","overlay-type":"","overlay-color":"","overlay-opacity":"","overlay-gradient":""},"tablet":{"background-color":"","background-image":"","background-repeat":"repeat","background-position":"center center","background-size":"auto","background-attachment":"scroll","background-type":"","background-media":"","overlay-type":"","overlay-color":"","overlay-opacity":"","overlay-gradient":""},"mobile":{"background-color":"","background-image":"","background-repeat":"repeat","background-position":"center center","background-size":"auto","background-attachment":"scroll","background-type":"","background-media":"","overlay-type":"","overlay-color":"","overlay-opacity":"","overlay-gradient":""}},"ast-content-background-meta":{"desktop":{"background-color":"var(--ast-global-color-5)","background-image":"","background-repeat":"repeat","background-position":"center center","background-size":"auto","background-attachment":"scroll","background-type":"","background-media":"","overlay-type":"","overlay-color":"","overlay-opacity":"","overlay-gradient":""},"tablet":{"background-color":"var(--ast-global-color-5)","background-image":"","background-repeat":"repeat","background-position":"center center","background-size":"auto","background-attachment":"scroll","background-type":"","background-media":"","overlay-type":"","overlay-color":"","overlay-opacity":"","overlay-gradient":""},"mobile":{"background-color":"var(--ast-global-color-5)","background-image":"","background-repeat":"repeat","background-position":"center center","background-size":"auto","background-attachment":"scroll","background-type":"","background-media":"","overlay-type":"","overlay-color":"","overlay-opacity":"","overlay-gradient":""}},"footnotes":""},"class_list":["post-2622","page","type-page","status-publish","hentry"],"uagb_featured_image_src":{"full":false,"thumbnail":false,"medium":false,"medium_large":false,"large":false,"1536x1536":false,"2048x2048":false},"uagb_author_info":{"display_name":"Bianca Volk","author_link":"https:\/\/tsv-reiffenhausen.de\/neu\/author\/tsv-reiffenhausen\/"},"uagb_comment_info":0,"uagb_excerpt":"Einzel-Anmeldung Schleierbach-Volkstriathlon 2026 23. Schleierbach Volkstriathlon am 20.06.2026 in Reiffenhausen Einzel Anmeldung Vorname:* Nachname:* Geschlecht:* m\u00e4nnlich weiblich Jahrgang:* 201820172016201520142013201220112010200920082007200620052004200320022001200019991998199719961995199419931992199119901989198819871986198519841983198219811980197919781977197619751974197319721971197019691968196719661965196419631962196119601959195819571956195519541953195219511950194919481947194619451944194319421941194019391938193719361935193419331932193119301929192819271926192519241923192219211920 Verein: Wettbewerb:* Sch\u00fcler Triathlon Jugend Triathlon Volkstriathlon eMail-Adresse:* Datenschutz: Ja, ich habe von der Datenschutzerkl\u00e4rung Kenntnis erlangt undbin damit einverstanden. Zur Datenschutzerkl\u00e4rung * Diese Felder m\u00fcssen ausgef\u00fcllt werden.","_links":{"self":[{"href":"https:\/\/tsv-reiffenhausen.de\/neu\/wp-json\/wp\/v2\/pages\/2622","targetHints":{"allow":["GET"]}}],"collection":[{"href":"https:\/\/tsv-reiffenhausen.de\/neu\/wp-json\/wp\/v2\/pages"}],"about":[{"href":"https:\/\/tsv-reiffenhausen.de\/neu\/wp-json\/wp\/v2\/types\/page"}],"author":[{"embeddable":true,"href":"https:\/\/tsv-reiffenhausen.de\/neu\/wp-json\/wp\/v2\/users\/2"}],"replies":[{"embeddable":true,"href":"https:\/\/tsv-reiffenhausen.de\/neu\/wp-json\/wp\/v2\/comments?post=2622"}],"version-history":[{"count":7,"href":"https:\/\/tsv-reiffenhausen.de\/neu\/wp-json\/wp\/v2\/pages\/2622\/revisions"}],"predecessor-version":[{"id":3524,"href":"https:\/\/tsv-reiffenhausen.de\/neu\/wp-json\/wp\/v2\/pages\/2622\/revisions\/3524"}],"up":[{"embeddable":true,"href":"https:\/\/tsv-reiffenhausen.de\/neu\/wp-json\/wp\/v2\/pages\/2432"}],"wp:attachment":[{"href":"https:\/\/tsv-reiffenhausen.de\/neu\/wp-json\/wp\/v2\/media?parent=2622"}],"curies":[{"name":"wp","href":"https:\/\/api.w.org\/{rel}","templated":true}]}}