{"id":30,"date":"2024-10-08T11:46:30","date_gmt":"2024-10-08T11:46:30","guid":{"rendered":"https:\/\/tsv-reiffenhausen.de\/?page_id=30"},"modified":"2026-02-07T12:59:57","modified_gmt":"2026-02-07T11:59:57","slug":"mitglied-werden","status":"publish","type":"page","link":"https:\/\/tsv-reiffenhausen.de\/neu\/verein\/mitglied-werden\/","title":{"rendered":"Mitglied werden"},"content":{"rendered":"\n<h2 class=\"wp-block-heading\">Deine Mitgliedschaft<\/h2>\n\n\n\n<p style=\"padding-top:var(--wp--preset--spacing--40);padding-bottom:var(--wp--preset--spacing--40)\">Mitglied im TSV Reiffenhausen zu werden ist ganz einfach.<\/p>\n\n\n\n<p style=\"padding-top:var(--wp--preset--spacing--40);padding-bottom:var(--wp--preset--spacing--40)\">Mitgliedsantrag herunterladen und den ausgef\u00fcllten und unterschriebenen Antrag zur\u00fcck an <a href=\"mailto:info@tsv-reiffenhausen.de\">info@tsv-reiffenhausen.de<\/a> schicken &#8211; wir melden uns.<br>Ausgedruckt kann der Mitgliedsantrag auch in den Briefkasten am Sporthaus, Talstra\u00dfe 23 in 37133 Reiffenhausen geworfen werden.<\/p>\n\n\n\n<p style=\"padding-top:var(--wp--preset--spacing--40);padding-bottom:var(--wp--preset--spacing--40)\">Auch Adressdaten\u00e4nderungen, \u00c4nderung von Einzel- in Familienmitgliedschaft, \u00c4nderung der Bankdaten etc. k\u00f6nnt Ihr uns \u00fcber dieses Formular mitteilen! <\/p>\n\n\n\n<div data-wp-interactive=\"core\/file\" class=\"wp-block-file\"><object data-wp-bind--hidden=\"!state.hasPdfPreview\" hidden class=\"wp-block-file__embed\" data=\"https:\/\/tsv-reiffenhausen.de\/neu\/wp-content\/uploads\/2024\/12\/tsv-reiffenhausen-aufnahmeantrag_ausfuellbar.pdf\" type=\"application\/pdf\" style=\"width:100%;height:600px\" aria-label=\"Einbettung von tsv-reiffenhausen-aufnahmeantrag_ausf\u00fcllbar.\"><\/object><a id=\"wp-block-file--media-9a3d1f4f-01ff-47a1-aa5f-3f0c4ff23c1b\" href=\"https:\/\/tsv-reiffenhausen.de\/neu\/wp-content\/uploads\/2024\/12\/tsv-reiffenhausen-aufnahmeantrag_ausfuellbar.pdf\">tsv-reiffenhausen-aufnahmeantrag_ausf\u00fcllbar<\/a><a href=\"https:\/\/tsv-reiffenhausen.de\/neu\/wp-content\/uploads\/2024\/12\/tsv-reiffenhausen-aufnahmeantrag_ausfuellbar.pdf\" class=\"wp-block-file__button wp-element-button\" download aria-describedby=\"wp-block-file--media-9a3d1f4f-01ff-47a1-aa5f-3f0c4ff23c1b\">Herunterladen<\/a><\/div>\n\n\n\n<p><\/p>\n\n\n\n<h3 class=\"wp-block-heading\" style=\"padding-top:var(--wp--preset--spacing--20);padding-bottom:var(--wp--preset--spacing--40)\">Jahresbeitr\u00e4ge<\/h3>\n\n\n\n<figure class=\"wp-block-table is-style-stripes\"><table class=\"has-fixed-layout\"><tbody><tr><td><strong>Mitgliedskategorie<\/strong><\/td><td><strong>Jahresbeitrag<\/strong><\/td><\/tr><tr><td>Familie<\/td><td>65,00 Euro<\/td><\/tr><tr><td>Erwachsene ab 18 Jahre<\/td><td>40,00 Euro<\/td><\/tr><tr><td>Kinder &amp; Jugendliche bis 18 Jahre<\/td><td>25,00 Euro<\/td><\/tr><\/tbody><\/table><\/figure>\n\n\n\n<h3 class=\"wp-block-heading\" style=\"padding-bottom:0rem\">K\u00fcndigung der Mitgliedschaft<\/h3>\n\n\n\n<p style=\"padding-top:1.5rem;padding-bottom:1.5rem\">Die Mitgliedschaft im TSV Reiffenhausen kann per schriftliche Mitteilung (zum Beispiel per E-Mail an <a href=\"mailto:info@tsv-reiffenhausen.de\">info@tsv-reiffenhausen.de<\/a>) bis 1. Oktober jeden Jahres zum Jahresende gek\u00fcndigt werden.<\/p>\n\n\n\n<p><\/p>\n","protected":false},"excerpt":{"rendered":"<p>Deine Mitgliedschaft Mitglied im TSV Reiffenhausen zu werden ist ganz einfach. Mitgliedsantrag herunterladen und den ausgef\u00fcllten und unterschriebenen Antrag zur\u00fcck an info@tsv-reiffenhausen.de schicken &#8211; wir melden uns.Ausgedruckt kann der Mitgliedsantrag auch in den Briefkasten am Sporthaus, Talstra\u00dfe 23 in 37133 Reiffenhausen geworfen werden. Auch Adressdaten\u00e4nderungen, \u00c4nderung von Einzel- in Familienmitgliedschaft, \u00c4nderung der Bankdaten etc. k\u00f6nnt [&hellip;]<\/p>\n","protected":false},"author":2,"featured_media":0,"parent":44,"menu_order":1,"comment_status":"closed","ping_status":"closed","template":"","meta":{"_uag_custom_page_level_css":"","site-sidebar-layout":"default","site-content-layout":"","ast-site-content-layout":"default","site-content-style":"default","site-sidebar-style":"default","ast-global-header-display":"","ast-banner-title-visibility":"","ast-main-header-display":"","ast-hfb-above-header-display":"","ast-hfb-below-header-display":"","ast-hfb-mobile-header-display":"","site-post-title":"disabled","ast-breadcrumbs-content":"","ast-featured-img":"","footer-sml-layout":"","theme-transparent-header-meta":"","adv-header-id-meta":"","stick-header-meta":"","header-above-stick-meta":"","header-main-stick-meta":"","header-below-stick-meta":"","astra-migrate-meta-layouts":"set","ast-page-background-enabled":"default","ast-page-background-meta":{"desktop":{"background-color":"var(--ast-global-color-4)","background-image":"","background-repeat":"repeat","background-position":"center center","background-size":"auto","background-attachment":"scroll","background-type":"","background-media":"","overlay-type":"","overlay-color":"","overlay-opacity":"","overlay-gradient":""},"tablet":{"background-color":"","background-image":"","background-repeat":"repeat","background-position":"center center","background-size":"auto","background-attachment":"scroll","background-type":"","background-media":"","overlay-type":"","overlay-color":"","overlay-opacity":"","overlay-gradient":""},"mobile":{"background-color":"","background-image":"","background-repeat":"repeat","background-position":"center center","background-size":"auto","background-attachment":"scroll","background-type":"","background-media":"","overlay-type":"","overlay-color":"","overlay-opacity":"","overlay-gradient":""}},"ast-content-background-meta":{"desktop":{"background-color":"var(--ast-global-color-5)","background-image":"","background-repeat":"repeat","background-position":"center center","background-size":"auto","background-attachment":"scroll","background-type":"","background-media":"","overlay-type":"","overlay-color":"","overlay-opacity":"","overlay-gradient":""},"tablet":{"background-color":"var(--ast-global-color-5)","background-image":"","background-repeat":"repeat","background-position":"center center","background-size":"auto","background-attachment":"scroll","background-type":"","background-media":"","overlay-type":"","overlay-color":"","overlay-opacity":"","overlay-gradient":""},"mobile":{"background-color":"var(--ast-global-color-5)","background-image":"","background-repeat":"repeat","background-position":"center center","background-size":"auto","background-attachment":"scroll","background-type":"","background-media":"","overlay-type":"","overlay-color":"","overlay-opacity":"","overlay-gradient":""}},"footnotes":""},"class_list":["post-30","page","type-page","status-publish","hentry"],"uagb_featured_image_src":{"full":false,"thumbnail":false,"medium":false,"medium_large":false,"large":false,"1536x1536":false,"2048x2048":false},"uagb_author_info":{"display_name":"Bianca Volk","author_link":"https:\/\/tsv-reiffenhausen.de\/neu\/author\/tsv-reiffenhausen\/"},"uagb_comment_info":0,"uagb_excerpt":"Deine Mitgliedschaft Mitglied im TSV Reiffenhausen zu werden ist ganz einfach. Mitgliedsantrag herunterladen und den ausgef\u00fcllten und unterschriebenen Antrag zur\u00fcck an info@tsv-reiffenhausen.de schicken &#8211; wir melden uns.Ausgedruckt kann der Mitgliedsantrag auch in den Briefkasten am Sporthaus, Talstra\u00dfe 23 in 37133 Reiffenhausen geworfen werden. Auch Adressdaten\u00e4nderungen, \u00c4nderung von Einzel- in Familienmitgliedschaft, \u00c4nderung der Bankdaten etc. k\u00f6nnt&hellip;","_links":{"self":[{"href":"https:\/\/tsv-reiffenhausen.de\/neu\/wp-json\/wp\/v2\/pages\/30","targetHints":{"allow":["GET"]}}],"collection":[{"href":"https:\/\/tsv-reiffenhausen.de\/neu\/wp-json\/wp\/v2\/pages"}],"about":[{"href":"https:\/\/tsv-reiffenhausen.de\/neu\/wp-json\/wp\/v2\/types\/page"}],"author":[{"embeddable":true,"href":"https:\/\/tsv-reiffenhausen.de\/neu\/wp-json\/wp\/v2\/users\/2"}],"replies":[{"embeddable":true,"href":"https:\/\/tsv-reiffenhausen.de\/neu\/wp-json\/wp\/v2\/comments?post=30"}],"version-history":[{"count":2,"href":"https:\/\/tsv-reiffenhausen.de\/neu\/wp-json\/wp\/v2\/pages\/30\/revisions"}],"predecessor-version":[{"id":3640,"href":"https:\/\/tsv-reiffenhausen.de\/neu\/wp-json\/wp\/v2\/pages\/30\/revisions\/3640"}],"up":[{"embeddable":true,"href":"https:\/\/tsv-reiffenhausen.de\/neu\/wp-json\/wp\/v2\/pages\/44"}],"wp:attachment":[{"href":"https:\/\/tsv-reiffenhausen.de\/neu\/wp-json\/wp\/v2\/media?parent=30"}],"curies":[{"name":"wp","href":"https:\/\/api.w.org\/{rel}","templated":true}]}}